s the hundreds digit of 4526073?
0
What is the tens digit of 3833124?
2
What is the ten thousands digit of 6925527?
2
What is the millions digit of 6078474?
6
What is the thousands digit of 28781742?
1
What is the hundred thousands digit of 4083126?
0
What is the thousands digit of 2143900?
3
What is the hundred thousands digit of 635035?
6
What is the units digit of 2666221?
1
What is the millions digit of 5380236?
5
What is the hundred thousands digit of 2373303?
3
What is the millions digit of 15959930?
5
What is the tens digit of 957995?
9
What is the hundreds digit of 8080449?
4
What is the ten thousands digit of 445537?
4
What is the ten thousands digit of 81179?
8
What is the hundreds digit of 586486?
4
What is the units digit of 2414?
4
What is the units digit of 185389?
9
What is the hundreds digit of 59432?
4
What is the tens digit of 1149271?
7
What is the millions digit of 7932285?
7
What is the tens digit of 3123856?
5
What is the hundred thousands digit of 15951262?
9
What is the ten millions digit of 11532713?
1
What is the ten thousands digit of 63781?
6
What is the ten thousands digit of 10511778?
1
What is the thousands digit of 85994?
5
What is the thousands digit of 196258?
6
What is the hundred thousands digit of 31274734?
2
What is the units digit of 179344?
4
What is the units digit of 2908574?
4
What is the units digit of 4049571?
1
What is the millions digit of 1011080?
1
What is the hundreds digit of 112880?
8
What is the tens digit of 433109?
0
What is the hundred thousands digit of 250384?
2
What is the units digit of 56911?
1
What is the tens digit of 2241882?
8
What is the hundreds digit of 745612?
6
What is the units digit of 439127?
7
What is the hundreds digit of 863582?
5
What is the hundred thousands digit of 146347?
1
What is the ten thousands digit of 2302801?
0
What is the units digit of 496130?
0
What is the ten thousands digit of 2269694?
6
What is the units digit of 22904?
4
What is the ten thousands digit of 7502326?
0
What is the hundreds digit of 103207?
2
What is the units digit of 269733?
3
What is the units digit of 10964384?
4
What is the units digit of 458430?
0
What is the ten thousands digit of 7823084?
2
What is the tens digit of 17209895?
9
What is the tens digit of 385381?
8
What is the tens digit of 319277?
7
What is the millions digit of 16655358?
6
What is the ten thousands digit of 3337878?
3
What is the tens digit of 11462717?
1
What is the hundred thousands digit of 15510017?
5
What is the millions digit of 14449675?
4
What is the thousands digit of 69866?
9
What is the thousands digit of 3284506?
4
What is the ten thousands digit of 108911?
0
What is the hundreds digit of 135912?
9
What is the thousands digit of 129763?
9
What is the tens digit of 1973667?
6
What is the thousands digit of 1997875?
7
What is the hundred thousands digit of 699460?
6
What is the thousands digit of 23803?
3
What is the hundreds digit of 611093?
0
What is the units digit of 5988500?
0
What is the thousands digit of 1042102?
2
What is the thousands digit of 858602?
8
What is the units digit of 5027521?
1
What is the hundreds digit of 1460698?
6
What is the hundred thousands digit of 7897760?
8
What is the tens digit of 4685694?
9
What is the hundreds digit of 448397?
3
What is the hundreds digit of 13399018?
0
What is the hundreds digit of 5504757?
7
What is the thousands digit of 1243807?
3
What is the thousands digit of 33169504?
9
What is the thousands digit of 361468?
1
What is the hundreds digit of 1032670?
6
What is the hundreds digit of 360107?
1
What is the hundred thousands digit of 9314874?
3
What is the ten thousands digit of 37452161?
5
What is the tens digit of 211468?
6
What is the hundreds digit of 521238?
2
What is the hundreds digit of 18410392?
3
What is the hundreds digit of 5843479?
4
What is the units digit of 136218?
8
What is the thousands digit of 2890554?
0
What is the tens digit of 5724501?
0
What is the hundreds digit of 7429814?
8
What is the hundreds digit of 3152509?
5
What is the thousands digit of 1135156?
5
What is the thousands digit of 11823414?
3
What is the millions digit of 1020922?
1
What is the hundred thousands digit of 18544185?
5
What is the hundreds digit of 1041118?
1
What is the hundred thousands digit of 1064574?
0
What is the thousands digit of 336571?
6
What is the thousands digit of 2332706?
2
What is the hundred thousands digit of 194649?
1
What is the hundred thousands digit of 1469162?
4
What is the hundred thousands digit of 9444655?
4
What is the thousands digit of 227959?
7
What is the thousands digit of 208545?
8
What is the units digit of 3701825?
5
What is the hundreds digit of 12448746?
7
What is the hundred thousands digit of 861630?
8
What is the units digit of 154022?
2
What is the ten thousands digit of 62880?
6
What is the millions digit of 2458767?
2
What is the millions digit of 19806507?
9
What is the hundred thousands digit of 3116233?
1
What is the tens digit of 148731?
3
What is the thousands digit of 1688701?
8
What is the units digit of 464706?
6
What is the hundreds digit of 346859?
8
What is the hundred thousands digit of 201909?
2
What is the thousands digit of 607735?
7
What is the units digit of 650024?
4
What is the hundreds digit of 188824?
8
What is the hundred thousands digit of 2395528?
3
What is the ten millions digit of 13129176?
1
What is the hundreds digit of 1139827?
8
What is the hundreds digit of 181584?
5
What is the ten thousands digit of 4549140?
4
What is the ten thousands digit of 49246?
4
What is the tens digit of 305596?
9
What is the hundreds digit of 278670?
6
What is the ten thousands digit of 2209843?
0
What is the hundreds digit of 200480?
4
What is the units digit of 20882321?
1
What is the hundreds digit of 1535485?
4
What is the hundreds digit of 13490482?
4
What is the millions digit of 12643274?
2
What is the hundred thousands digit of 4752668?
7
What is the hundreds digit of 1738723?
7
What is the hundreds digit of 2404315?
3
What is the hundreds digit of 2559819?
8
What is the hundreds digit of 1400628?
6
What is the units digit of 619425?
5
What is the units digit of 19156896?
6
What is the ten thousands digit of 1308114?
0
What is the units digit of 251654?
4
What is the thousands digit of 131767?
1
What is the ten millions digit of 14572362?
1
What is the hundreds digit of 6151319?
3
What is the units digit of 315407?
7
What is the hundred thousands digit of 427858?
4
What is the hundreds digit of 4495337?
3
What is the thousands digit of 50715?
0
What is the tens digit of 3124013?
1
What is the thousands digit of 3866904?
6
What is the tens digit of 423003?
0
What is the hundred thousands digit of 14275651?
2
What is the thousands digit of 1288630?
8
What is the hundred thousands digit of 649192?
6
What is the ten thousands digit of 96327?
9
What is the millions digit of 4245465?
4
What is the millions digit of 6438791?
6
What is the hundred thousands digit of 1216289?
2
What is the ten thousands digit of 8862121?
6
What is the tens digit of 15919235?
3
What is the hundreds digit of 700856?
8
What is the hundreds digit of 19018955?
9
What is the units digit of 503164?
4
What is the thousands digit of 721675?
1
What is the thousands digit of 26293709?
3
What is the tens digit of 572307?
0
What is the ten thousands digit of 734159?
3
What is the tens digit of 1147368?
6
What is the thousands digit of 15935?
5
What is the hundreds digit of 293833?
8
What is the tens digit of 380061?
6
What is the ten thousands digit of 20036994?
3
What is the hundred thousands digit of 1059729?
0
What is the hundred thousands digit of 153589?
1
What is the millions digit of 5453623?
5
What is the hundreds digit of 30541777?
7
What is the ten thousands digit of 268623?
6
What is the thousands digit of 7279866?
9
What is the thousands digit of 715019?
5
What is the millions digit of 1053652?
1
What is the tens digit of 2962344?
4
What is the ten thousands digit of 449331?
4
What is the units digit of 30282?
2
What is the units digit of 69541?
1
What is the tens digit of 220557?
5
What is the hundreds digit of 174313?
3
What is the millions digit of 2916425?
2
What is the units digit of 1519802?
2
What is the ten